{"id":3,"date":"2025-05-07T16:29:30","date_gmt":"2025-05-07T14:29:30","guid":{"rendered":"http:\/\/florencejaudbougerol.fr\/?page_id=3"},"modified":"2025-05-12T09:51:55","modified_gmt":"2025-05-12T07:51:55","slug":"politique-de-confidentialite","status":"publish","type":"page","link":"https:\/\/florencejaudbougerol.fr\/?page_id=3","title":{"rendered":"Politique de confidentialit\u00e9"},"content":{"rendered":"\n<h2 class=\"wp-block-heading\"><strong>Mentions l\u00e9gales<\/strong><\/h2>\n\n\n\n<p><strong>I\/ PRESENTATION DU SITE<\/strong><strong><\/strong><\/p>\n\n\n\n<p>\u00ab&nbsp;En vertu de l\u2019article 6 de la loi n\u00b0 2004-575 du 21 juin 2004 pour la confiance dans l\u2019\u00e9conomie num\u00e9rique, il est pr\u00e9cis\u00e9 aux utilisateurs du site&nbsp;<a href=\"http:\/\/www.florencejaudbougerol.fr\/\">www.florencejaudbougerol.fr<\/a>, l\u2019identit\u00e9 des diff\u00e9rents intervenants dans le cadre de sa r\u00e9alisation et de son suivi :<\/p>\n\n\n\n<p><strong>Propri\u00e9taire<\/strong>: Florence Jaud Bougerol, entrepreneure ACEASCOP \u2013 Poitiers \u2013 06 22 35 70 94<\/p>\n\n\n\n<p>Florence Jaud Bougerol \u2013 est entrepreneur au sein d\u2019ACEASCOP-FORMASCOPE, Coop\u00e9rative d\u2019Activit\u00e9s et d\u2019Emploi (C.A.E)<\/p>\n\n\n\n<p><strong>ACEASCOP FORMASCOPE \u2013 SCOP SA A CAPITAL VARIABLE&nbsp;<\/strong><\/p>\n\n\n\n<p>Technoforum \u2013 Parc du Sanital -16 rue Albert Einstein \u2013 86100 Ch\u00e2tellerault \u2013 France<\/p>\n\n\n\n<p><strong>contact@aceascop.com<\/strong><\/p>\n\n\n\n<p>RCS DE POITIERS&nbsp; 443&nbsp;194&nbsp;733 \/ RM 86<\/p>\n\n\n\n<p>NUMERO DE TVA INTRACOMMUNAUTAIRE FR 70&nbsp;443&nbsp;194&nbsp;733<\/p>\n\n\n\n<p>ACEASCOP-FORMASCOPE est une coop\u00e9rative d\u2019activit\u00e9s et d\u2019emploi (C.A.E.) dont l\u2019activit\u00e9 est d\u2019accompagner quiconque souhaite cr\u00e9er son propre emploi.<\/p>\n\n\n\n<p>Par cons\u00e9quent, elle accueille Florence Jaud Bougerol qui d\u00e9veloppe l\u2019activit\u00e9 de coaching\/conseil en transitions professionnelles et dispose du savoir-faire, des comp\u00e9tences et de l\u2019exp\u00e9rience professionnelle n\u00e9cessaires \u00e0 l\u2019ex\u00e9cution des prestations et services propos\u00e9s.<\/p>\n\n\n\n<p><strong>Cr\u00e9ateur<\/strong>: Florence Jaud Bougerol<\/p>\n\n\n\n<p><strong>Responsable publication<\/strong>: Florence Jaud Bougerol \u2013 florence.bougerol@orange.fr<\/p>\n\n\n\n<p><strong>Webmaster<\/strong>: Florence Jaud Bougerol<\/p>\n\n\n\n<p><strong>H\u00e9bergeur<\/strong>: OVH<br>SAS au capital de 10 059 500 \u20ac<br>RCS Lille M\u00e9tropole 424 761 419 00045<br>Code APE 6202A<br>N\u00b0 TVA : FR 22 424 761 419<\/p>\n\n\n\n<p>Si\u00e8ge social :<br>2 rue Kellermann<br>59100 Roubaix<br>France<\/p>\n\n\n\n<p><strong>Cr\u00e9ation graphique<\/strong>: Florence Jaud Bougerol<\/p>\n\n\n\n<p><strong>Cr\u00e9ation vid\u00e9o\/photo<\/strong>: Freepik, kjpargeter<\/p>\n\n\n\n<p><strong>II\/ LES CONDITIONS GENERALES D\u2019UTILISATION<\/strong><strong><\/strong><\/p>\n\n\n\n<p>\u00ab&nbsp;L\u2019utilisation du site&nbsp;<a href=\"http:\/\/www.florencejaudbougerol.fr\/\">www.florencejaudbougerol.fr<\/a> implique l\u2019acceptation pleine et enti\u00e8re des conditions g\u00e9n\u00e9rales d\u2019utilisation ci-apr\u00e8s d\u00e9crites. Ces conditions d\u2019utilisation sont susceptibles d\u2019\u00eatre modifi\u00e9es ou compl\u00e9t\u00e9es \u00e0 tout moment, les utilisateurs du site&nbsp;<a href=\"http:\/\/www.florencejaudbougerol.fr\/\">www.florencejaudbougerol.fr<\/a>sont donc invit\u00e9s \u00e0 les consulter de mani\u00e8re r\u00e9guli\u00e8re.<\/p>\n\n\n\n<p>Ce site est normalement accessible \u00e0 tout moment aux utilisateurs. Une interruption pour raison de maintenance technique peut \u00eatre toutefois d\u00e9cid\u00e9e par Florence Jaud Bougerol \u2013 ACEASCOP, qui s\u2019efforcera alors de communiquer pr\u00e9alablement aux utilisateurs les dates et heures de l\u2019intervention.<\/p>\n\n\n\n<p>Le site&nbsp;<a href=\"http:\/\/www.florencejaudbougerol.fr\/\">www.florencejaudbougerol.fr&nbsp;<\/a>est mis \u00e0 jour r\u00e9guli\u00e8rement par Florence Jaud Bougerol. De la m\u00eame fa\u00e7on, les mentions l\u00e9gales peuvent \u00eatre modifi\u00e9es \u00e0 tout moment : elles s\u2019imposent n\u00e9anmoins \u00e0 l\u2019utilisateur qui est invit\u00e9 \u00e0 s\u2019y r\u00e9f\u00e9rer le plus souvent possible afin d\u2019en prendre connaissance.&nbsp;\u00bb<\/p>\n\n\n\n<p><strong>III\/ DESCRIPTION DES SERVICES FOURNIS ET DONNEES TECHNIQUES<\/strong><strong><\/strong><\/p>\n\n\n\n<p>\u00ab&nbsp;Le site&nbsp;<a href=\"http:\/\/www.florencejaudbougerol.fr\/\">www.florencejaudbougerol.fr<\/a>a pour objet de fournir une information concernant l\u2019ensemble des activit\u00e9s de la soci\u00e9t\u00e9.<\/p>\n\n\n\n<p>Florence Jaud Bougerol- ACEASCOP s\u2019efforce de fournir sur le site&nbsp;<a href=\"http:\/\/www.florencejaudbougerol.fr\/\">www.florencejaudbougerol.fr<\/a> des informations aussi pr\u00e9cises que possible. Toutefois, il ne pourra \u00eatre tenue responsable des omissions, des inexactitudes et des carences dans la mise \u00e0 jour, qu\u2019elles soient de son fait ou du fait des tiers partenaires qui lui fournissent ces informations.<\/p>\n\n\n\n<p>Toutes les informations indiqu\u00e9es sur le site&nbsp;<a href=\"http:\/\/www.florencejaudbougerol.fr\/\">www.florencejaudbougerol.fr&nbsp;<\/a>sont donn\u00e9es \u00e0 titre indicatif, et sont susceptibles d\u2019\u00e9voluer. Par ailleurs, les renseignements figurant sur le site&nbsp;<a href=\"http:\/\/www.florencejaudbougerol.fr\/\">www.florencejaudbougerol.fr&nbsp;<\/a>ne sont pas exhaustifs. Ils sont donn\u00e9s sous r\u00e9serve de modifications ayant \u00e9t\u00e9 apport\u00e9es depuis leur mise en ligne.<\/p>\n\n\n\n<p>Le site utilise la technologie WordPress<\/p>\n\n\n\n<p>Le site Internet ne pourra \u00eatre tenu responsable de dommages mat\u00e9riels li\u00e9s \u00e0 l\u2019utilisation du site. De plus, l\u2019utilisateur du site s\u2019engage \u00e0 acc\u00e9der au site en utilisant un mat\u00e9riel r\u00e9cent, ne contenant pas de virus et avec un navigateur de derni\u00e8re g\u00e9n\u00e9ration mis-\u00e0-jour.&nbsp;\u00bb<\/p>\n\n\n\n<p><strong>IV\/ PROPRIETE INTELLECTUELLE<\/strong><\/p>\n\n\n\n<p>\u00ab&nbsp;Florence Jaud Bougerol \u2013 ACEASCOP est propri\u00e9taire des droits de propri\u00e9t\u00e9 intellectuelle ou d\u00e9tient les droits d\u2019usage sur tous les \u00e9l\u00e9ments accessibles sur le site, notamment les textes, images, graphismes, logo, ic\u00f4nes, sons, logiciels.<\/p>\n\n\n\n<p>Toute reproduction, repr\u00e9sentation, modification, publication, adaptation de tout ou partie des \u00e9l\u00e9ments du site, quel que soit le moyen ou le proc\u00e9d\u00e9 utilis\u00e9, est interdite, sauf autorisation \u00e9crite pr\u00e9alable de : Florence Jaud Bougerol \u2013 ACEASCOP.<\/p>\n\n\n\n<p>Toute exploitation non autoris\u00e9e du site ou de l\u2019un quelconque des \u00e9l\u00e9ments qu\u2019il contient sera consid\u00e9r\u00e9e comme constitutive d\u2019une contrefa\u00e7on et poursuivie conform\u00e9ment aux dispositions des articles L.335-2 et suivants du Code de Propri\u00e9t\u00e9 Intellectuelle.&nbsp;\u00bb<\/p>\n\n\n\n<p><strong>V\/ GESTION DES DONNEES PERSONNELLES<\/strong><\/p>\n\n\n\n<p>En France, les donn\u00e9es personnelles sont notamment prot\u00e9g\u00e9es par la loi n\u00b0 78-87 du 6 janvier 1978, la loi n\u00b0 2004-801 du 6 ao\u00fbt 2004, la loi<strong>n\u00b0 2016-1321 du 7 octobre 2016 pour une R\u00e9publique num\u00e9rique<\/strong>, l\u2019article L. 226-13 du Code p\u00e9nal et le r\u00e8glement europ\u00e9en (UE) 2016\/679 sur les donn\u00e9es personnelles du 27 avril 2016.<\/p>\n\n\n\n<p>Les informations qui vous sont demand\u00e9es sur le site sont n\u00e9cessaires au traitement de votre demande et \u00e0 l\u2019ex\u00e9cution de votre commande. Elles sont utilis\u00e9es pour les finalit\u00e9s suivantes&nbsp;: suivi des commandes, g\u00e9n\u00e9ration des statistiques, communication emailing et t\u00e9l\u00e9phonique.<\/p>\n\n\n\n<p>Le responsable de ce traitement est Florence Jaud Bougerol \u2013 ACEASCOP. Vous pouvez contacter le responsable du traitement \u00e0 l\u2019adresse suivante&nbsp;: florence.bougerol@orange.fr<\/p>\n\n\n\n<p>Les prestataires informatiques de Florence Jaud Bougerol \u2013 ACEASCOP ainsi que les transporteurs seront destinataires de ces informations.<\/p>\n\n\n\n<p>Les informations sont conserv\u00e9es pendant 5 ans \u00e0 compter de la date de la commande. Conform\u00e9ment au r\u00e8glement europ\u00e9en sur la protection des donn\u00e9es (RGPD), vous disposez du droit de demander l\u2019acc\u00e8s \u00e0 vos donn\u00e9es \u00e0 caract\u00e8re personnel, ainsi que leur rectification, leur effacement, la limitation du traitement, le droit de s\u2019opposer au traitement ou le droit \u00e0 la portabilit\u00e9 des donn\u00e9es.<\/p>\n\n\n\n<p>Ces droits s\u2019exercent aupr\u00e8s de Florence Jaud Bougerol \u2013 ACEASCOP \u00e0 l\u2019adresse suivante&nbsp;: 16 Rue Albert Einstein \u2013 86&nbsp;100 CHATELLERAULT \u2013 florence.bougerol@orange.fr<\/p>\n\n\n\n<p>Vous disposez du droit d\u2019introduire une r\u00e9clamation aupr\u00e8s de la CNIL concernant le traitement de vos donn\u00e9es.<\/p>\n\n\n\n<p><strong>VI\/ RESPONSABILITE<\/strong><strong><\/strong><\/p>\n\n\n\n<p>\u00ab&nbsp;Florence Jaud Bougerol \u2013 ACEASCOP ne pourra \u00eatre tenue responsable des dommages directs et indirects caus\u00e9s au mat\u00e9riel de l\u2019utilisateur, lors de l\u2019acc\u00e8s au site www.florencejaudbougerol.fr, et r\u00e9sultant soit de l\u2019utilisation d\u2019un mat\u00e9riel ne r\u00e9pondant pas aux sp\u00e9cifications indiqu\u00e9es, soit de l\u2019apparition d\u2019un bug ou d\u2019une incompatibilit\u00e9.<\/p>\n\n\n\n<p>Florence Jaud Bougerol \u2013 ACEASCOP ne pourra \u00e9galement \u00eatre tenue responsable des dommages indirects (tels par exemple qu\u2019une perte de march\u00e9 ou perte d\u2019une chance) cons\u00e9cutifs \u00e0 l\u2019utilisation du site www.florencejaudbougerol.fr.<\/p>\n\n\n\n<p>Des espaces interactifs (possibilit\u00e9 de poser des questions dans l\u2019espace contact) sont \u00e0 la disposition des utilisateurs. Florence Jaud Bougerol \u2013 ACEASCOP se r\u00e9serve le droit de supprimer, sans mise en demeure pr\u00e9alable, tout contenu d\u00e9pos\u00e9 dans cet espace qui contreviendrait \u00e0 la l\u00e9gislation applicable en France, en particulier aux dispositions relatives \u00e0 la protection des donn\u00e9es. Le cas \u00e9ch\u00e9ant, Florence Jaud Bougerol \u2013 ACEASCOP se r\u00e9serve \u00e9galement la possibilit\u00e9 de mettre en cause la responsabilit\u00e9 civile et\/ou p\u00e9nale de l\u2019utilisateur, notamment en cas de message \u00e0 caract\u00e8re raciste, injurieux, diffamant, ou pornographique, quel que soit le support utilis\u00e9 (texte, photographie\u2026).&nbsp;\u00bb<\/p>\n\n\n\n<p><strong>VII\/ LIENS HYPERTEXTES ET COOKIES<\/strong><\/p>\n\n\n\n<p>\u00ab&nbsp;Le site&nbsp;<a href=\"http:\/\/www.florencejaudbougerol.fr\/\">www.florencejaudbougerol.fr&nbsp;<\/a>contient un certain nombre de liens hypertextes vers d\u2019autres sites, mis en place avec l\u2019autorisation de Florence Jaud Bougerol \u2013 ACEASCOP. Cependant, Florence Jaud Bougerol \u2013 ACEASCOP n\u2019a pas la possibilit\u00e9 de v\u00e9rifier le contenu des sites ainsi visit\u00e9s, et n\u2019assumera en cons\u00e9quence aucune responsabilit\u00e9 de ce fait.<\/p>\n\n\n\n<p><strong>Qu\u2019est-ce qu\u2019un cookie et \u00e0 quoi sert-il ?<\/strong><\/p>\n\n\n\n<p>Un cookie (ou t\u00e9moin de connexion) est un fichier texte susceptible d\u2019\u00eatre enregistr\u00e9, sous r\u00e9serve de vos choix, dans un espace d\u00e9di\u00e9 du disque dur de votre terminal (ordinateur, tablette \u2026) \u00e0 l\u2019occasion de la consultation d\u2019un service en ligne gr\u00e2ce \u00e0 votre logiciel de navigation. Il est transmis par le serveur d\u2019un site internet \u00e0 votre navigateur. A chaque cookie est attribu\u00e9 un identifiant anonyme. Le fichier cookie permet \u00e0 son \u00e9metteur d\u2019identifier le terminal dans lequel il est enregistr\u00e9 pendant la dur\u00e9e de validit\u00e9 ou d\u2019enregistrement du cookie concern\u00e9. Un cookie ne permet pas de remonter \u00e0 une personne physique. Lorsque vous consultez notre site, nous pouvons \u00eatre amen\u00e9s \u00e0 installer, sous r\u00e9serve de votre choix, diff\u00e9rents cookies et notamment des cookies publicitaires.<\/p>\n\n\n\n<p><strong>Exercez vos choix selon le navigateur que vous utilisez<\/strong><\/p>\n\n\n\n<p>Vous pouvez \u00e0 tout moment param\u00e9trer votre navigateur afin d\u2019exprimer et de modifier vos souhaits en mati\u00e8re de cookies et notamment concernant les cookies de statistiques. Vous pouvez exprimer vos choix en param\u00e9trant votre navigateur de fa\u00e7on \u00e0 refuser certains cookies.<\/p>\n\n\n\n<p>Si vous refusez nos cookies et ceux de nos partenaires, votre visite ne sera plus comptabilis\u00e9e et vous ne pourrez plus b\u00e9n\u00e9ficier d\u2019un certain nombre de fonctionnalit\u00e9s qui peuvent n\u00e9anmoins \u00eatre n\u00e9cessaires pour naviguer dans certaines de nos pages.<\/p>\n\n\n\n<p><strong>VIII\/ DROIT APPLICABLE<\/strong><strong><\/strong><\/p>\n\n\n\n<p>\u00ab&nbsp;Tout litige en relation avec l\u2019utilisation du site&nbsp;<a href=\"http:\/\/www.florencejaudbougerol.fr\/\">www.florencejaudbougerol.fr&nbsp;<\/a>est soumis au droit fran\u00e7ais. En cas de litige, les parties tenteront de r\u00e9soudre celui-ci amiablement. En cas d\u2019\u00e9chec, le tribunal comp\u00e9tent est celui du domicile du d\u00e9fendeur \u00bb.<\/p>\n\n\n\n<p><strong>POUR INFORMATION&nbsp;<\/strong><strong>:&nbsp;<\/strong><\/p>\n\n\n\n<ul class=\"wp-block-list\">\n<li>Le manquement \u00e0 l\u2019une de ces obligations peut \u00eatre sanctionn\u00e9 jusqu\u2019\u00e0 un an d\u2019emprisonnement, 75&nbsp;000&nbsp;\u20ac d\u2019amende pour les personnes physiques et 375&nbsp;000&nbsp;\u20ac pour les personnes morales.<\/li>\n<\/ul>\n\n\n\n<p><strong>SOURCES<\/strong><\/p>\n\n\n\n<p><a href=\"http:\/\/www.cnil.fr\/\">cnil.fr<\/a><\/p>\n\n\n\n<p>Loi n\u00b0 78-17 du 6 janvier 1978, notamment modifi\u00e9e par la loi n\u00b0 2004-801 du 6 ao\u00fbt 2004 relative \u00e0 l\u2019informatique, aux fichiers et aux libert\u00e9s,<\/p>\n\n\n\n<p>Loi n\u00b02004-575 du 21 juin 2004 pour la confiance dans l\u2019\u00e9conomie num\u00e9rique,<\/p>\n\n\n\n<p>Code de la consommation,<\/p>\n\n\n\n<figure class=\"wp-block-image aligncenter size-full\"><img loading=\"lazy\" decoding=\"async\" width=\"168\" height=\"163\" src=\"https:\/\/florencejaudbougerol.fr\/wp-content\/uploads\/2025\/05\/energie-lumieres-FJB-C8.png\" alt=\"\" class=\"wp-image-220\"\/><\/figure>\n\n\n\n<p><\/p>\n","protected":false},"excerpt":{"rendered":"<p>Mentions l\u00e9gales I\/ PRESENTATION DU SITE \u00ab&nbsp;En vertu de l\u2019article 6 de la loi n\u00b0 2004-575 du 21 juin 2004 pour la confiance dans l\u2019\u00e9conomie num\u00e9rique, il est pr\u00e9cis\u00e9 aux utilisateurs du site&nbsp;www.florencejaudbougerol.fr, l\u2019identit\u00e9 des diff\u00e9rents intervenants dans le cadre de sa r\u00e9alisation et de son suivi : Propri\u00e9taire: Florence Jaud Bougerol, entrepreneure ACEASCOP \u2013 [&hellip;]<\/p>\n","protected":false},"author":1,"featured_media":0,"parent":0,"menu_order":0,"comment_status":"closed","ping_status":"open","template":"","meta":{"_themeisle_gutenberg_block_has_review":false,"footnotes":""},"class_list":["post-3","page","type-page","status-publish","hentry"],"_links":{"self":[{"href":"https:\/\/florencejaudbougerol.fr\/index.php?rest_route=\/wp\/v2\/pages\/3","targetHints":{"allow":["GET"]}}],"collection":[{"href":"https:\/\/florencejaudbougerol.fr\/index.php?rest_route=\/wp\/v2\/pages"}],"about":[{"href":"https:\/\/florencejaudbougerol.fr\/index.php?rest_route=\/wp\/v2\/types\/page"}],"author":[{"embeddable":true,"href":"https:\/\/florencejaudbougerol.fr\/index.php?rest_route=\/wp\/v2\/users\/1"}],"replies":[{"embeddable":true,"href":"https:\/\/florencejaudbougerol.fr\/index.php?rest_route=%2Fwp%2Fv2%2Fcomments&post=3"}],"version-history":[{"count":6,"href":"https:\/\/florencejaudbougerol.fr\/index.php?rest_route=\/wp\/v2\/pages\/3\/revisions"}],"predecessor-version":[{"id":272,"href":"https:\/\/florencejaudbougerol.fr\/index.php?rest_route=\/wp\/v2\/pages\/3\/revisions\/272"}],"wp:attachment":[{"href":"https:\/\/florencejaudbougerol.fr\/index.php?rest_route=%2Fwp%2Fv2%2Fmedia&parent=3"}],"curies":[{"name":"wp","href":"https:\/\/api.w.org\/{rel}","templated":true}]}}